 -2*z. Let a = z + 26. List the prime factors of (195/10 + 1)*a.
41
Let c(r) = 2*r**2 - 6*r + 4. Let v be c(4). Suppose -5*n = -v*n. Suppose -2*t - 100 = -4*s - n*s, 3*s - 5*t - 68 = 0. List the prime factors of s.
2, 13
Let r be -2 + -1 + 72/12. Suppose -5*p + 283 = -3*l, l = 1 + r. List the prime factors of p.
59
Let g(k) = k**3 - 9*k**2 + 14*k + 6. Let z be g(7). Let o(n) = -n**3 - 6*n**2 - 2*n + 6. Let u be o(-6). Let m = z + u. What are the prime factors of m?
2, 3
Suppose -5*x = -3*o - 0*x + 116, 0 = 3*o + 4*x - 134. What are the prime factors of o?
2, 3, 7
Suppose 0 = -3*x + 2*i + 80, -2*x - i + 20 = -x. Let q = 1 + x. List the prime factors of q.
5
List the prime factors of (-5)/((-7)/(-28) - (-394)/(-1544)).
5, 193
Let q(w) = -631*w - 103. List the prime factors of q(-4).
3, 269
Let v(c) = -c - 5. Let q be v(-7). Let i be (2/5)/(q/10). Suppose -2*r - 106 = -i*g - 4*r, 0 = 4*g - 4*r - 236. What are the prime factors of g?
2, 7
Suppose -3*q - 12 = 4*o, 0 = 5*q - 0*q + 20. Let u be (-1 - -1)*3/6. Suppose u = 5*w, o = 5*y - w + 4*w - 145. What are the prime factors of y?
29
Suppose 0 = -5*v - 2*c + c - 60, -3*c = v + 26. Let q be (-12)/66 - 35/v. Suppose -15 + 92 = d - 4*k, -191 = -q*d + 2*k. What are the prime factors of d?
61
Suppose y = 2 + 3. Let c = 73 + -71. Suppose 0 = -c*x + 2*i + 18, 5*x + y*i - 37 = 58. What are the prime factors of x?
2, 7
Let p be -3 + (-11)/3*-3. Suppose -p*m = -13*m - 60. List the prime factors of m/(-5)*(-150)/(-9).
2, 5
Let s(r) = r**3 - 2*r**2 - 2. Let i be s(3). Let b be 5/(-2)*48/(-40). Suppose -2*v = q - i, -2*q - b*q - 2*v = -19. What are the prime factors of q?
3
Let d be (-1 + (-2)/(-6))/((-4)/(-216)). Let u = d + 68. List the prime factors of u.
2
Suppose -3*b + 464 = w, b - 2*w + 772 = 6*b. What are the prime factors of b?
2, 3, 13
List the prime factors of 4/10 + (-10871)/(-35).
311
Suppose -4*u = t - 2813, 0 = 3*u + 4 + 8. What are the prime factors of t?
3, 23, 41
Let r = -18 - -18. Suppose r = 2*v - 7*v + 25. Suppose n - 2 = v. List the prime factors of n.
7
Suppose 697 + 194 = 3*x. What are the prime factors of x?
3, 11
Suppose -3*o - 705 - 603 = -b, -5*b + 6500 = -5*o. What are the prime factors of b?
2, 3
Let k(f) = 8*f. Let u be k(4). Suppose -x - 4*i + 7 = -u, 0 = -x + i + 59. Suppose -x = -5*p + 10. What are the prime factors of p?
13
What are the prime factors of -154*2*(13 - 14)?
2, 7, 11
Let x(k) = -k**3 - 7*k**2 - 3*k - 7. Let l be x(-7). Let i be l/(-49) - 760/(-14). What are the prime factors of i/63*(0 - -63)?
2, 3
List the prime factors of (-4)/(-12)*-865*36/(-30).
2, 173
Suppose -5*w = 4*h - 4, -40 = -5*w + 4*h + h. Suppose -w*p + 752 = 2*z, 4*p - 7*z - 740 = -3*z. List the prime factors of p.
11, 17
Let t = -8 - -8. Suppose x + 5*d - 366 = t, -4*x - 528 = d - 1935. List the prime factors of x.
3, 13
Suppose -26*u - 19*u = -42840. List the prime factors of u.
2, 7, 17
Suppose 9*c - 11565 + 1359 = 0. List the prime factors of c.
2, 3, 7
Let o be -7*(2 - (-236)/14). Let c be o/(-21) - (-2)/(-7). Suppose r = 5, -5*m + 4*m + r = -c. What are the prime factors of m?
11
Let r(l) be the third derivative of l**5/12 - l**3/2 + 8*l**2. List the prime factors of r(-2).
17
Let i be ((-3)/1 - (-379 + 2)) + -1. Let v = i - 162. List the prime factors of v.
211
Let v(b) = 5*b - 16. Suppose -r + 4*k + 57 = -11, 4*k = 2*r - 140. Suppose -14*q + 6*q + r = 0. What are the prime factors of v(q)?
29
Suppose -2*p = 3 - 7. Suppose -49 = -v - p. What are the prime factors of v?
47
Let v = 22 - 12. Let l(g) = -g**3 - g**2 - g. Let m(j) = 2*j**3 - 7*j**2 - 13*j + 12. Let a(n) = l(n) + m(n). List the prime factors of a(v).
2, 3
Let j = -1420 + 2624. What are the prime factors of j?
2, 7, 43
Let a = 89 - 58. Let n(t) = t**3 - 5*t**2 - 7*t + 7. Let b be n(6). Let q = a - b. What are the prime factors of q?
2, 3, 5
Suppose -2*s = 3*m + 3, -6 = 3*s + 6*m - m. Let b(j) = 9*j**2 - 11. List the prime factors of b(s).
2, 5, 7
Let u(t) = 3*t**2 + 26*t - 8. What are the prime factors of u(-14)?
2, 3
Let j(z) = 4*z - 5. Suppose 0*v = -4*v + 8. Let k be j(v). Suppose k*w - 4*a - 120 = 0, -w - a = 2 - 42. List the prime factors of w.
2, 5
Let j be (-2)/(-8)*-2*0. Suppose -4*d = -j*o + 2*o + 88, -5*o - 256 = -2*d. Let y = -35 - o. List the prime factors of y.
3, 5
Suppose 0 = 2*f - p - 7363 + 687, -5*f + 16690 = 2*p. What are the prime factors of f?
2, 1669
Let w(v) = v**3 + 3*v**2 - 5*v. Suppose 8 = -5*k - 12. Let o be w(k). Suppose -o*n + 2 = -190. List the prime factors of n.
2, 3
Let w(s) = 2*s**2 + 47*s + 200. List the prime factors of w(-34).
2, 457
Let t(i) be the first derivative of i**3/3 + 5*i**2/2 - 20*i - 12. Let g be t(8). Let r = g + -47. What are the prime factors of r?
37
Suppose 0 = -0*y - 4*y + 464. Suppose -162 = 2*q + a, 0 = -3*q + 4*a - 319 + 76. Let z = q + y. List the prime factors of z.
5, 7
Let w = -372 - -104. Let p = -124 - w. Let k = p - 92. List the prime factors of k.
2, 13
Let n(p) = p - 4. What are the prime factors of n(34)?
2, 3, 5
Let k(y) = -y**2 + y + 4 - 3 + 2*y**2 - 2. Let h(v) = -5*v**2 + 3*v + 2. Let o(u) = -h(u) - 3*k(u). List the prime factors of o(4).
3
Let r be 4 + (0/(-3))/(-1). Let v = r - -4. Let d(l) = -l**2 + 9*l - 1. What are the prime factors of d(v)?
7
Suppose -3503 = -3*z - 1073. Suppose 11*x - 279 - z = 0. List the prime factors of x.
3, 11
Let t = -82 - -170. Suppose t = -k + 277. What are the prime factors of k?
3, 7
Suppose 27*z = 116 + 694. What are the prime factors of z?
2, 3, 5
Suppose 14824 = 16*d + d. What are the prime factors of d?
2, 109
Suppose 0 = 2*x - 7 + 3. Let s(n) = 2*n**2 - 2*n. Let u be s(x). Suppose -2*r - 5*f = -25, u = -4*f - 0*f. What are the prime factors of r?
3, 5
Suppose -45*a = -152500 - 38615. What are the prime factors of a?
31, 137
Suppose 5*z + 252 = -28. Let f = z - -108. List the prime factors of f.
2, 13
Suppose 0 = -11*x + 28*x - 9095. List the prime factors of x.
5, 107
What are the prime factors of 404 + -3 + (0/3)/(-2)?
401
Suppose -5*u = -4*k - 4547 - 6885, -5*u - k + 11417 = 0. What are the prime factors of u?
2, 571
Let t = 3910 + -1097. Suppose -3*y = -4*r + t, -5*y + 481 = 2*r - 932. List the prime factors of r/10 - (-28)/(-70).
2, 5, 7
Suppose -3*p + 73 = -212. What are the prime factors of p?
5, 19
Let b(l) be the second derivative of -14*l + 0 + 7/6*l**3 - 1/2*l**2. List the prime factors of b(2).
13
Suppose x - 4*y = 1321, 2*x - 3*y + 733 = 3355. List the prime factors of x.
3, 5, 29
Suppose -4*z - 5 = -41. Let i = 47 + z. What are the prime factors of i?
2, 7
Let h(b) be the first derivative of 2*b**3/3 - 3*b**2 - 3*b - 26. List the prime factors of h(4).
5
Let z(a) = a + 10. Let f be z(-6). Suppose -i + 3*w + w + 136 = 0, f*i - 505 = 3*w. What are the prime factors of i?
2, 31
Suppose 10*f = 11*f - 4. Suppose f*q - 495 = -2*c - 3*c, -c = q - 124. What are the prime factors of q?
5
Let t(d) = -2*d**3 - 11*d**2 - 13*d + 2. List the prime factors of t(-9).
2, 7
Let i(s) = 15*s**2 - 7. Let c be i(7). Suppose 8*q - c = -5*q. What are the prime factors of q?
2, 7
Let t be 3*(-9)/2*-2. Let a = t - 16. Let g(s) = s**2 - 11*s + 3. List the prime factors of g(a).
3
Let u(n) = -2*n**2 + 13*n - 2. Let a be u(6). Let h(q) = 12*q - 15. List the prime factors of h(a).
3, 11
Let j(b) = -b**2. Let o(x) be the first derivative of -2*x**3/3 - 2*x**2 + 5*x + 4. Let z(k) = -3*j(k) + o(k). List the prime factors of z(-4).
37
Let c(i) = -i**3 + 6*i**2 + i - 4. Suppose -5*h + 35 = 5*p, 3*p + 4*h + 0*h - 22 = 0. List the prime factors of c(p).
2
Suppose 21 = 7*x - 7. Suppose x*u = 250 + 422. What are the prime factors of u?
2, 3, 7
Suppose 3400 = 1873*r - 1869*r. List the prime factors of r.
2, 5, 17
Let g(i) = i**3 - 4*i + 2. Let q be g(2). Suppose 0 = -4*f + q + 10. Suppose -38 = -0*d - d + 4*x, -f*d + x + 81 = 0. List the prime factors of d.
2, 13
Let p = -1069 + 1453. List the prime factors of p.
2, 3
Let n(l) = -357*l**3 + l. What are the prime factors of n(-1)?
2, 89
Let w(a) = -a**3 + 5*a**2 + 2*a + 326. List the prime factors of w(0).
2, 163
Suppose 629 = 2*k - 1375. List the prime factors of k.
2, 3, 167
Let t = 586 + -217. What are the prime factors of t?
3, 41
Suppose -15*g - 7*g + 1606 = 0. List the prime factors of g.
73